*y = -14702 - 15161. Is g prime?
True
Let n(q) = 22335*q**2 + 54*q - 2. Let a be n(3). Suppose -82046 = -9*w + a. Is w a composite number?
False
Let d be (-24)/((-4)/(-16)*4). Is (-5 + (-112)/d)/(2/(-28506)) a prime number?
True
Suppose -70*d - 18*d = -17031608. Is d a prime number?
True
Suppose 3*n - 15 = 0, 3 + 52 = -3*t - n. Let s be (t + -1)*(-9 - -2). Suppose -s - 507 = -6*c. Is c a prime number?
True
Let x = 277 - 240. Let q = x - -472. Is q a prime number?
True
Let h(r) = -1. Let y(p) = -2*p - 25. Let t(s) = -3*h(s) + y(s). Let o be t(-9). Is -4 - (o + 0) - -743 a prime number?
True
Let v be 6/15 - -63*(-4)/(-20). Suppose -p - v = -3*f, 9*p - 4*p + 20 = 0. Suppose 4*o = f*o + 4, -2*l + 4*o + 3958 = 0. Is l prime?
True
Let m(y) = -y**2 - 9*y + 5359. Let w be 1/(-4) - 2/(-8). Is m(w) composite?
True
Let j = 214 + -71. Is (-4)/22 + 543855/j a prime number?
True
Suppose -15*n + 44 - 14 = 0. Is n*6086/(-6)*(-24)/16 a prime number?
False
Suppose -100890 = -330*g + 335*g. Let b = g - -42269. Is b prime?
True
Let s = 10234 - 17351. Let y = -4080 - s. Is y a composite number?
False
Suppose -45*r + 7992168 + 11786997 = 0. Is r a composite number?
True
Suppose -5*r + 3*c = -2*c + 5570, 2238 = -2*r - 3*c. Let o = -675 - r. Suppose -3*q + 0*p + 5*p + 1355 = 0, -q + o = p. Is q prime?
False
Let y(r) be the second derivative of 10*r**2 - 41/6*r**3 + 0 - 11*r. Is y(-15) a prime number?
False
Suppose -2*d + 1635 = -7*d. Let r = -3144 + 4678. Let p = d + r. Is p a prime number?
False
Let w = -1947 - -48778. Is w a prime number?
True
Suppose 4*s - 1100 = 4*f, 0 = -4*s - 15 - 5. Let c = f + 407. Is c composite?
False
Let x be (84/(-15) + 5)/((-1)/5). Suppose 3*d + 2*t - 26613 = 0, d - x*t = 318 + 8542. Let n = d - 1526. Is n a prime number?
False
Let f(l) = l**3 - 11*l**2 + 9*l + 15. Let r be f(10). Suppose r*d + c - 19445 + 1979 = 0, c + 3492 = d. Is d a prime number?
False
Let k(w) = -9*w - 189. Let q be k(-4). Let u(r) = 213*r + 7. Let t be u(5). Let z = t + q. Is z a composite number?
False
Suppose -352557 + 116717 = -64*h. Let a = 11151 - h. Is a a prime number?
False
Suppose 2*v - 104 = -2*v. Let d = -86 + 86. Is v - (d + 3 + 15/(-5)) a prime number?
False
Suppose -5*a - 3 = 4*n - 22, -3*a + 6 = -3*n. Suppose -3*m = 5*o - 26740, 0 = -2*o + 2*m + a*m + 10665. Is o composite?
True
Let q = -6716 + 10309. Is q prime?
True
Let y = 31 - 31. Suppose y = 5*a - 5*g, 0*g - 2*g = 0. Suppose a*i - 164 = -2*i. Is i prime?
False
Let c be (-10)/(-60) - 24452/(-24). Suppose 0 = 7*q - 35116 + c. Is q prime?
True
Suppose -3*h + 20 = -5*d, -3*h - 4 = -d - 20. Suppose h = 2*i - 19. Suppose -i*n = -10*n - 3178. Is n composite?
True
Let d = 244 + -239. Suppose -3*f - 5692 = -d*f. Is f prime?
False
Let c(g) = 11*g**3 + 12*g**2 + 20*g - 42. Is c(5) a prime number?
True
Is (1/3)/(24407478/(-170852787) - 8/(-56)) prime?
False
Is 953109/15 + ((-312)/30)/(-26) a composite number?
False
Let y be ((-7)/21)/((-1 - 0)/6). Suppose -y*l + 6685 = -2*b + 1155, -2*l = b - 5518. Is l composite?
True
Let m(z) = 20988*z - 47. Is m(2) prime?
False
Suppose -176110 = -5*n - s + 2*s, 0 = n + 2*s - 35211. Is n composite?
False
Suppose 10*m = -m + 605. Let t = 2 + m. Let z = t + 166. Is z composite?
False
Let s(f) = 3769*f**2 + 9*f + 71. Is s(9) prime?
True
Let c(s) = 71897*s + 178. Is c(5) a composite number?
False
Let a(y) = -y**3 + 9*y**2 - 18*y + 7. Suppose 4*q = 8*q - 16. Is a(q) a composite number?
True
Let y(n) = -n**3 + 186*n**2 + 25*n - 55. Is y(-39) a composite number?
True
Let u(y) = -105636*y - 25. Is u(-1) a prime number?
False
Let a(d) = 70290*d**2 - 151*d. Is a(1) a prime number?
True
Is 71417 - ((-177)/(-118))/((-6)/8) a composite number?
False
Suppose -4*j - g + 143497 = 0, -2*g + 36410 - 527 = j. Is j a composite number?
True
Suppose 6 = 5*s - 9, 7008 = 3*m - 2*s. Let z = m + -1281. Is z composite?
True
Let i(l) = l**3 - 11*l**2 + 15*l + 2. Let m be i(13). Let q = 8144 - m. Is q a prime number?
False
Let h(q) = 253255*q**2 - 758*q - 758. Is h(-1) prime?
False
Let g = -603055 + 1208988. Is g prime?
True
Let l(g) = -g**2 - 5*g - 6. Let z be l(-3). Let p be 40 - (2 - (z + 3)). Let u = p + -22. Is u prime?
True
Let u(i) = 28*i**2 - 46*i - 368. Is u(-17) composite?
True
Suppose 3*b + 2*b + 4*d = -30, -3*b + 5*d + 19 = 0. Let p be -2 - (-3)/(-3) - 0/b. Is (645 - (9 - 4)) + (-2 - p) a composite number?
False
Suppose -10*l = 9 - 159. Suppose -l*u + 3*g = -11*u - 78133, 4*g - 19519 = -u. Is u composite?
False
Suppose 0 = -x + p + 384737, -2*x - 63*p = -59*p - 769486. Is x prime?
False
Suppose 9*z = -1112624 + 3308363. Suppose -30293 = 54*b - z. Is b a composite number?
True
Let f(q) be the third derivative of -q**6/60 - q**5/12 - q**4/12 + 2*q**3/3 - 633*q**2. Suppose 0*k + k = -3. Is f(k) prime?
True
Suppose 88*f - 358844 = 4689100. Is f composite?
True
Let n = -172 - -160. Let a(i) = -17*i - 61. Is a(n) prime?
False
Suppose 0*s - c = -s + 3, -4*s = 3*c - 26. Suppose r - 5 = 0, -2*q + s*r + 750 = -1747. Suppose 3*a - q = -10*a. Is a a prime number?
True
Let a = 29066 - -61533. Is a a composite number?
False
Suppose 4 = 4*l, l - 13 = 3*c - 4*c. Suppose 56 = c*n - 5*n. Suppose -634 - 2510 = -n*o. Is o composite?
True
Let c(p) = 119*p**2 + 40*p - 2945. Is c(36) composite?
True
Let z be (18/(-12))/(1 - (-21)/(-18)). Is 1*2*((-407)/(-2) - z) prime?
True
Let a be 6*5/4*(-4)/(-10). Suppose 5*s - 7575 = -5*g, 0*g - a*g = -s + 1523. Is s composite?
True
Is (-12)/26 + 800661960/2184 a composite number?
True
Is (-2)/14 - (-30755244)/14 a composite number?
True
Let j(u) = 10*u**3 + u**2 - 2*u + 4. Let k be j(-4). Let n be (-1)/((-3)/k*4). Let w = n - -288. Is w a composite number?
True
Let d = -2954 + 5125. Suppose 0 = u + 3*u - g - d, -3*g + 1647 = 3*u. Suppose u = 5*y - 1026. Is y composite?
True
Suppose -2*w - 3*l = -6445, 0 = 2641*w - 2640*w + l - 3224. Is w prime?
False
Let c(j) = 11*j**3 - j**2 - 7*j + 20. Let b be c(8). Suppose -b = -5*z - 1097. Is z a composite number?
False
Let h(b) = -21*b**2 + 3*b - 34. Let s be h(-8). Let k = s + 2589. Is k composite?
False
Suppose 4*q - 6 = 2, 0 = c + q - 25. Let u(l) = l**2 - 22*l - 15. Let p be u(c). Suppose -3*n + 161 = i, -p*i + 12*i - 628 = 4*n. Is i prime?
False
Let x(g) = 2164*g - 953. Is x(21) prime?
True
Let z(m) = 725*m**2 + 3*m + 14. Let q(n) = 724*n**2 + 4*n + 15. Let a(k) = -5*q(k) + 6*z(k). Is a(4) a composite number?
False
Suppose c - 9 = -4*s, -4*c + 16*s = 11*s - 15. Suppose -c*d + 4*t + 10318 = 0, 8246 = 4*d + t - 0*t. Is d a prime number?
False
Let l = -514115 - -899004. Is l a prime number?
True
Let g(z) = 37*z**2 - 14. Suppose -4*w + 98 = -110. Suppose -w + 27 = 5*x. Is g(x) composite?
False
Let p(m) = -45*m - 17. Let c be p(-7). Suppose b = n + 5*b, 48 = 2*n - 4*b. Suppose -n*l - c = -18*l. Is l composite?
False
Let h(m) = 32*m**2 - 10*m + 37. Let s be h(6). Suppose 10*l = -s + 13959. Is l a composite number?
False
Suppose -23*t = -16*t + 3318. Let y = 1429 - t. Is y a composite number?
True
Let s be (4 + -2)*(-1)/((-4)/(-18)). Let b = s - -14. Suppose b*i - 8025 + 1958 = -p, -3*p = -2*i + 2437. Is i a composite number?
True
Let y(j) = -4*j**3 + 3*j**2 + 11*j + 19. Let t(l) = -3*l**3 + 4*l**2 + 11*l + 19. Let r(q) = 6*t(q) - 5*y(q). Is r(10) composite?
True
Suppose 0*v + 42 = v. Suppose 7*k + v - 105 = 0. Suppose -13*s = -k*s - 196. Is s prime?
False
Suppose -s + 23748 = -5*x, -2*s = 5*x - 27114 - 20457. Is s a composite number?
False
Let n(a) = -22103*a + 361. Is n(-8) a composite number?
True
Suppose 3*l + r = -311, -3*r + 20 = -7*r. Is 75220*(l/(-24) + -4) prime?
False
Let z(k) = 7*k**3 + 18*k**2 + 34*k - 12. Let t(m) = -13*m**3 - 37*m**2 - 67*m + 23. Let v(h) = -6*t(h) - 11*z(h). Is v(-17) prime?
False
Let n(s) = s**2 - 8*s - 28. Let w be n(10). Is (-8)/(-64)*2 - 188790/w composite?
False
Let v(i) = 161*i - 23. Let j be v(-8). Let q be (1 - 6/10) + j/(-285). Suppose -4*p = -5*r - 25699, -q*p - 6*r = -r - 32090. Is p composite?
False
Let y(s) = -2*s + 24. Let z be y(11). Suppose -1 = z*l + 1. Is 2/l + 0 + 1069 prime?
False
Let n(b) = 4*b**2 + 27*b - 47. Let d be n(9). Suppose d = -z + 1919. Is z a composite number?
False
Let s(c) = -581*c + 200. Let v(w) = 14*w + 93. Let g be v(-8). Is s(g) a composite number?
False
Let m